t are the prime factors of 480/(21/f - 9)?
2, 5
Let g = -1465 - 437. Let s = -1205 - g. List the prime factors of s.
17, 41
Suppose -a - a + 25 = 3*d, d + 3*a - 13 = 0. Suppose -d*k + 3*k = -992. Suppose -4*g + g + 360 = -3*p, k = 2*g + 2*p. List the prime factors of g.
2, 61
Suppose v = 2*v - 80. Let n = -4 + v. Let h = -39 + n. List the prime factors of h.
37
Let j(t) = 10*t - 6. Let q(y) = -y + 1. Let z(m) = -j(m) - 6*q(m). Let v be z(1). What are the prime factors of -3 - (2 - (-100)/v)?
2, 5
Suppose 90 + 18 = 3*o. Let y = o - 19. Let c = y - -77. List the prime factors of c.
2, 47
Suppose 9 = 3*y, -2*y = 5*g - 7*y - 195. Suppose -43*o + 1027 = -g*o. What are the prime factors of o?
13, 79
What are the prime factors of 0 - (-31762 + -9 + 17)?
2, 15877
Suppose 5*s + 175 = 5. Let r = 62 - s. Suppose 0 = 4*w - 552 + r. List the prime factors of w.
2, 3, 19
Suppose -9074 - 346 = -4*d. Suppose -6877 = -7*g - d. What are the prime factors of g?
2, 17, 19
Suppose 2*l + n - 71 = -3*l, 5*l - 4*n - 66 = 0. What are the prime factors of 15602/l - 72/168?
2, 557
Suppose -72 + 90 = 18*s. What are the prime factors of (-1)/(s + 1683/(-1680))?
2, 5, 7
Suppose 12*x + 1389 - 116925 = 0. What are the prime factors of x?
2, 29, 83
Let a(r) = -2125*r + 3157. List the prime factors of a(-12).
28657
Let d be (-7124)/(-10) - 18/315*7. Let y = -255 + d. List the prime factors of y.
457
Let g = 99 - -63. Let m = -152 + g. What are the prime factors of m?
2, 5
Let r = 3606 + 653. What are the prime factors of r?
4259
Suppose 2*p + h = 8 + 20, h - 70 = -5*p. Let j be ((-12)/p)/(-4 + (-159)/(-42)). Let z(o) = 24*o + 7. List the prime factors of z(j).
103
Suppose 0 = 5*j + l, -3*l = 3*j - 8*j. What are the prime factors of ((-6)/(-12))/(4/4216 + j)?
17, 31
What are the prime factors of (-10)/95 - ((-14)/(-38))/(18/(-647802))?
13259
Suppose -34*b = -1390 + 8598. Let d = b - -599. What are the prime factors of d?
3, 43
Suppose -5*x = 0, l - 24485 = 56*x - 61*x. List the prime factors of l.
5, 59, 83
Let f(o) = 4*o**2 - 6*o - 148. Suppose -4*p = 2*k + 30, p + 16 - 15 = 0. What are the prime factors of f(k)?
2, 3, 101
Let r(d) = -9*d + 125. Let g be (8/12)/(10/(-165)) + 0. List the prime factors of r(g).
2, 7
Let f(m) be the second derivative of m**4/6 + 2*m**3 - 2*m**2 + 16*m. List the prime factors of f(6).
2, 5, 7
Suppose -4*j = -l - 5, 7*j - 1 = 3*l + 2*j. Suppose l*t + 296 = k - 82, 4*t + 1496 = 4*k. List the prime factors of k.
2, 3, 31
Let n(g) = -229*g - 2. Let a(d) = -344*d - 4. Let t(x) = -5*a(x) + 7*n(x). List the prime factors of t(4).
2, 3, 79
Suppose 2*u - 4*u = -10, 2*x - 111 = u. Let k = 54 - x. List the prime factors of 2/((3/522)/((-1)/k)).
3, 29
Suppose 272 = -12*i + 16*i. Let m = i - 71. What are the prime factors of 1*((-15)/m - 1)?
2
Suppose 13*z - 612160 = -67*z. List the prime factors of z.
2, 1913
Let r = 10 + 250. Suppose -4*a = -3*n - r, -n = -0*n - a + 86. Let h = 219 + n. List the prime factors of h.
3, 5
Suppose 4*n = p + 154, 4*n - n - 6 = 0. What are the prime factors of (6 - 25/5)*(0 - p)?
2, 73
Suppose 0 = -j - r + 9104, -5*r = 3*j + 3686 - 30992. What are the prime factors of j?
7, 1301
Let y(h) = -2*h**3 - 11*h**2 - 5*h + 10. Suppose -c - 5*c = 60. Let s be y(c). Suppose 6*u - 2*u - 3*b - s = 0, 498 = 2*u + 3*b. List the prime factors of u.
3
Suppose -2*i - 29887 = -3*z, -5*z - 4*i + 49270 = -549. List the prime factors of z.
3, 41
Let v(s) = s**3 - 12*s**2 + 690*s + 31. What are the prime factors of v(28)?
5, 6379
Let x(w) = -w**3 + 16*w**2 - 22*w + 21. Suppose -6*y + y - 200 = -5*j, j - 32 = 5*y. Let u = j + -28. List the prime factors of x(u).
3, 5, 7
Let a = -79 + 85. List the prime factors of 3 + 6*435/a.
2, 3, 73
Let d = 36 + -92. Let k be (55/(-22))/(-2*(-2)/d). Let l = 83 - k. List the prime factors of l.
2, 3
Let o = 330 - 184. Suppose -6*a = -2*a + 8, -3*j + 4*a + 8 = 0. Suppose -5*d + d = -l + o, -l + d + 152 = j. What are the prime factors of l?
2, 7, 11
Let o be (-32)/20*(-20)/8. Suppose 2*x = o*x + 2*i - 448, 2*x + 4*i - 456 = 0. Suppose -5*d = -4*k - x, 4*k + 0*k + 124 = 3*d. What are the prime factors of d?
2, 3
Let f(b) = 18*b - 54. Let v be f(3). Suppose -9*a + 11205 + 1305 = v. What are the prime factors of a?
2, 5, 139
Let q = 54352 + 4302. What are the prime factors of q?
2, 29327
Suppose 3*u + 23 = j, -5*u + 13 = 3*j - 14. Suppose -5*g + 9*g - 3*c + 11 = 0, j = -4*g + 2*c. What are the prime factors of g*(1 + 1 - 963/45)?
97
What are the prime factors of -14 - 522/(-18)*184?
2, 3, 887
Let o(y) = -6*y**2 - 10*y - 17. Let r(u) = 1. Let j(x) = x**3 - 8*x**2 + 7*x + 4. Let t be j(7). Let p(s) = t*r(s) - o(s). What are the prime factors of p(-6)?
3, 59
Suppose -5*f = -3*s - 22, 0 = 3*s + 3 + 9. Suppose f*y = -3*d + 1599, -2*d + 4130 = 5*y + 149. List the prime factors of y.
3, 5, 53
Let t = 1647 - 599. Suppose -1715 = -5*z - 3*q, -q = -3*z + q + t. Suppose 2*p = -5*g + 200, 4*p + 2*g - z - 22 = 0. List the prime factors of p.
2, 3, 5
Suppose o + 2*d + 2*d - 249 = 0, 5*o = 5*d + 1145. Let a = o + -21. List the prime factors of a.
2, 53
Let s(i) = 9*i**2 + 216*i + 17. Let a be s(-24). Let v(t) = 5*t**2 + t + 306. What are the prime factors of v(a)?
2, 13, 17
Let z be 201/6 + -2 - (-5)/(-10). Suppose 0 = -4*b - r + 54 + 1, -z = -2*b + 3*r. What are the prime factors of b?
2, 7
Let r = -689 + 5439. Suppose 12*k = -7*k + r. What are the prime factors of k?
2, 5
Let t be (-63*(-2)/4)/((-4)/(-8)). Let g = -78 + t. Let z(h) = -h**2 - 19*h - 27. What are the prime factors of z(g)?
3, 11
Let c = 56 - 34. Let k = -28 + c. What are the prime factors of (3 + k + -1)*45/(-2)?
2, 3, 5
Let g(t) = 269*t + 5. Let f(j) = 8*j**3 - 4*j**2 + 2. Let m be f(1). Let q be g(m). Suppose q = 12*x - 421. List the prime factors of x.
2, 5, 17
Let q = -87565 + 175819. List the prime factors of q.
2, 3, 4903
Let z(m) be the first derivative of 7*m**4/2 + m**3/3 + m**2/2 - m + 68. What are the prime factors of z(3)?
389
Let z = 13834 - 8639. List the prime factors of z.
5, 1039
Let f(l) = 10262*l - 53. List the prime factors of f(4).
3, 5, 911
Suppose 2*w - 5*w + 5888 = 5*i, 0 = 4*i + 2*w - 4710. Let f = i - 813. List the prime factors of f.
2, 7, 13
Let t = 74383 + -42913. What are the prime factors of t?
2, 3, 5, 1049
Suppose -62 = -3*c + k, 4*k + 5 = -3. Suppose -7*q - c = -5*q. Let x(r) = -r**3 - 9*r**2 - 7*r - 12. List the prime factors of x(q).
2, 79
Let g = 926 + -351. List the prime factors of g.
5, 23
Let y = -27241 - -39584. List the prime factors of y.
12343
Let k(n) = -22*n**3 - 2*n**2 + 4*n - 2. Let t be k(1). Let u = -20 - t. Suppose u*h + 21 = 3*h - 2*q, 0 = h + 4*q - 9. List the prime factors of h.
17
Let w(m) = 5*m - 5 + 3 - 2*m**2 - 27*m + 4. Let a be w(-11). Suppose -246 = -a*x + 16. List the prime factors of x.
131
Let f(s) = -s**3 - 69*s**2 - 295*s + 24. List the prime factors of f(-65).
11, 19
Let m(w) = -113*w. Let f = 8 + -14. List the prime factors of m(f).
2, 3, 113
Suppose -99 + 19 = -2*h. Suppose -o = -0*l - l + 52, o + h = -3*l. Let c = o - -68. What are the prime factors of c?
19
Suppose 0 = 51*g - 160955 - 154327. List the prime factors of g.
2, 11, 281
Let b(x) = 7*x**3 - 10*x**2 + 23. Let v be b(5). Suppose -3568 + v = -5*c. What are the prime factors of c?
2, 73
Suppose 16*a - 28 = 4. Let m(r) = -r**3 + 5*r**2 + 8*r - 8. Let g be m(6). Suppose 0 = -g*l - 5*t + 604, a*t = -l - 0*t + 151. What are the prime factors of l?
151
Let l = 8507 - 4517. What are the prime factors of l?
2, 3, 5, 7, 19
Let m be 8/(-6)*(-1551)/(-22). Let a = m + 79. List the prime factors of (-12)/30 - 36/a.
2
Let g = -530 - -4605. What are the prime factors of g?
5, 163
Suppose 0 = -3*b + 5*h + 13, 2 = -2*b - 2*h + 16. Let d be 13*b*4/8. Suppose 2*p - 48 = 5*s + d, 2*p - 3*s = 85. List the prime factors of p.
41
Let q(t) be the first derivative of -t**4/2 - 7*t**3/3 - 22*t - 40. List the prime factors of q(-5).
53
Let t(q) be the third derivative of -q**5/60 + q**4/6 + 5*q**3/3 + 32*q**2. Let n be t(6). List the prime factors of (-2556)/(-48) + n/8.
53
Let p(r) = -6*r**3 - r**2 - 44*r - 13. What are the prime factors of p(-10)?
3, 19, 37
Let d be 1*7/((-21)/6). Let o(r) = 2*r**2 + r - 1. Let w be o(d). Suppose 1177 = 5*s + 2*z, 0 = 4*s - w*s 